 Let r be o + -4 + -1 + -20. Let g = r - -28. What is the units digit of g?
5
Let q(t) = t - 1. Let o be q(2). Suppose -k = -11*k + 1040. Suppose 3*d + k + 33 = 5*l, 0 = d - o. What is the units digit of l?
8
Let c(r) = r**2 - 11*r + 274. What is the hundreds digit of c(0)?
2
Let z(o) = o**3 - 2*o**2 + 30*o - 33. What is the tens digit of z(9)?
0
Let i(j) = 2*j + 4. Let c be i(4). Suppose 5*f + c = 2*f. What is the tens digit of 5*(-44)/f - 1?
5
Suppose 0 = -3*t + 7628 + 958. Let n be t/(-45) - 2/5. Let o = n + 104. What is the tens digit of o?
4
Let c = 122 + -46. Suppose -4*d = -3*d - c. What is the units digit of d?
6
Let l(c) = c**2 + 5*c - 7. Let w be l(-7). Suppose -o - 109 = -2*d + w, -232 = -4*d - 3*o. Let x = 89 - d. What is the tens digit of x?
3
Let z(s) = 72*s + s**2 - 19 + 73*s - 145*s. Let q = 14 - 6. What is the tens digit of z(q)?
4
Suppose 468 = -6*n + 114. Let y = n - -125. What is the units digit of y?
6
Let u(h) = 3*h + h**3 + 1 + 19*h**2 - 14*h - 10*h + 1. What is the tens digit of u(-20)?
2
Let k(d) = -4*d**2 - 13*d + 9. Let j(m) = -9*m**2 - 25*m + 17. Let s(x) = -3*j(x) + 7*k(x). Let r be s(-13). Suppose v = 4*v - r. What is the tens digit of v?
1
Let r(n) be the second derivative of -4*n**3/3 + n**2 - 11*n. What is the units digit of r(-11)?
0
Let a be (0/2)/(-3) + 90. Suppose 8*c - a - 390 = 0. What is the tens digit of c?
6
Let l(v) = v**2 - 6*v + 14. Let f be l(8). Suppose -18 = -d + f. What is the tens digit of (1 - 0) + d + -13?
3
Suppose -14*l + 8541 = 1149. Suppose l = -3*p + 5*p. What is the units digit of p?
4
Let o be (-24)/18*(2850/(-4))/5. Let r = o - 56. What is the tens digit of r?
3
Suppose 113*p = 120*p - 2114. What is the units digit of p?
2
Suppose 5*h - 4*s = -0*s - 978, -3 = s. Let a(z) = z**2 + 8*z - 34. Let v be a(-11). What is the tens digit of v/(-4) - h/8?
2
Let k be (2 - -3)*1*19. Let w(l) = l + 16. Let p be w(-12). Suppose y + p*y = k. What is the tens digit of y?
1
Suppose 0 = -2*g + t + 16, -40 = -4*g - 0*g - 2*t. Let v(q) = q - 5. Let n be v(g). Suppose -5*h + 1 = -2*x + 3, -x - n*h + 27 = 0. What is the tens digit of x?
1
Suppose 5*t = 4*t + 9. Suppose -1146 = -15*h + t*h. What is the units digit of h?
1
Suppose 5*x = 4*f - 10, -4*x + x - 6 = -f. Suppose f = q - 2. Suppose -4*a - 3*w = -3 - q, 50 = 5*a - 5*w. What is the units digit of a?
5
Suppose 5*v = v. Let f(z) = z**3 - z**2 - z + 13. Let a be f(v). Let l = a - -10. What is the tens digit of l?
2
Let s(v) = -v**3 - 7*v**2 - 5*v - 10. Let b(l) = 5*l - 7. Let n be b(5). Let q be 65/(-9) + n/81. What is the tens digit of s(q)?
2
Let f be (4 + (0 - 9))*-28. What is the tens digit of (-5)/(416/f - 3)?
7
Let o be ((-9)/2)/((-9)/24). Let z = o + -6. What is the tens digit of 11/(-3 - (-21)/z)?
2
Suppose 0 = -14*s + 17*s - 18. Let r(t) = 2*t**2 + t + 5. What is the tens digit of r(s)?
8
Let f = -14 + 20. Let u be 0 + -4 + f - -22. Let y = u + 6. What is the tens digit of y?
3
Let q(i) = 9*i - 9. Let v be q(8). Suppose -3*p + 2*o + 2*o = -v, 5*p - 116 = 3*o. What is the units digit of p?
5
Let q(a) = -a**2 - 7*a - 10. Let z be q(-3). What is the units digit of ((-47)/z)/(5/(-20))?
4
Suppose -3*p - p + i = -8938, 4474 = 2*p + 2*i. What is the hundreds digit of p?
2
Suppose 4*q + 0*q = 0. Let t be (q + 5)/((-1)/(-8)). Let p = 69 - t. What is the units digit of p?
9
Suppose 2*g + u - 242 = 138, 4*g - 744 = 2*u. Suppose 2*h + 0*h = -w + g, -4*h + 386 = -3*w. What is the tens digit of h?
9
Suppose 5*j - 2 = 13. Suppose -j*f + 15 = 3. Suppose w - 149 = h - 6*h, 3*w = f*h - 123. What is the tens digit of h?
3
Suppose 3*k + 3*d + 106 = 4*k, -90 = -k - 5*d. Suppose -k = -4*v - 24. Let j = -2 + v. What is the units digit of j?
7
Suppose 4*p = 2*x - x + 54, 4*x + 5*p = -174. Let z = x - -92. What is the units digit of z?
6
What is the thousands digit of ((-56)/(-1))/(5/(-460)*-4)?
1
Suppose 0 = 5*u + 4*z - 40, 2*u = z - 1 + 4. Let m(i) = 16*i + 27. What is the tens digit of m(u)?
9
Suppose 0 = 18*x - x - 17986. What is the units digit of x?
8
Let t(q) = -q**2 + 5*q - 3. Let b be t(3). Suppose 3*d + f - 13 = 0, -b*d - 2 = 5*f + 5. Let l(g) = g + 5. What is the units digit of l(d)?
1
Suppose 2*z - 3*t - 1331 = 0, z + 2*t = 5*t + 670. What is the hundreds digit of z?
6
Let f = 1880 - 480. What is the thousands digit of f?
1
Suppose -68*t + 65*t = -1491. What is the hundreds digit of t?
4
Let z(a) = 195*a**3 + 2*a**2 - a + 1. What is the hundreds digit of z(1)?
1
Let y(p) = 3*p + 6. Let d(w) = w**3 + 12*w**2 + w + 12. Let l be d(-12). Let x be y(l). What is the tens digit of 104/x - 16/48?
1
Let s(u) = 6*u**2 - 4*u - 9. Let d = 92 - 86. What is the units digit of s(d)?
3
Let u(z) be the first derivative of z**4/4 - 2*z**3/3 - z**2 + 8. Let g be u(3). Suppose -6*x + 4*k = -x - 228, -2*k = g*x - 150. What is the units digit of x?
8
What is the units digit of 21/49 - (-25465)/35?
8
Let d be ((-18)/3 - -4)/(-1). Suppose 0 = d*c - 75 - 43. What is the tens digit of c?
5
Suppose -j + 103 = -o - 201, -5*j = -2*o - 1520. What is the units digit of j?
4
Let t(a) = -a**3 - 12*a**2 + 2*a + 3. What is the hundreds digit of t(-15)?
6
What is the tens digit of (-8)/(-20)*12265/11?
4
Let p be 656/56 + 2/7. What is the units digit of 217/5 + p/20?
4
Let t(l) = l**3 - 6*l**2 - 7*l + 8. Let c be t(7). Suppose 5*r - 38 = -c. What is the units digit of r?
6
Suppose -178*n = -176*n - s - 5849, 0 = -4*n + s + 11693. What is the tens digit of n?
2
Suppose -2*j = -k + j + 1074, 6 = -3*j. What is the hundreds digit of k?
0
Let q = -59 - -58. Let h = 27 + -51. What is the tens digit of (-2)/q - 1*h?
2
Let u(q) = q**2 + 3*q - 5. Let z = 10 - 5. Let h be u(z). Suppose l + 0*l = h. What is the tens digit of l?
3
Let b(o) be the third derivative of o**4/24 + 10*o**3/3 - 3*o**2. What is the units digit of b(-8)?
2
Let m = 11 - 13. What is the tens digit of m + 18/12 - 253/(-2)?
2
Suppose -3*z + 4*z = -3*j + 2573, 5*j - 4295 = 5*z. What is the units digit of j?
8
Let w be (2 + (-16)/5)*20/(-6). Let b(q) = -q**3 + 4*q**2 + 12. What is the tens digit of b(w)?
1
What is the units digit of (21 - -6)/(1/37)?
9
Suppose -4*n + 4*y + 90 = -34, 4*n - 92 = -4*y. Let o = -57 + n. What is the units digit of 10*(-2)/o*6?
4
Suppose 4*s - 8*s = -2560. Suppose 6*p - s = 2*p. What is the tens digit of p?
6
Let p(j) = 2*j - 42. Let k be p(17). What is the hundreds digit of 128 - 7/((-14)/k)?
1
Let z = -596 + 1660. What is the units digit of z?
4
Let x = 54 + 6. Suppose -8*p = -13*p + x. What is the units digit of p?
2
Suppose 3 = -2*m + 11. Suppose -5*j + 21 = -m. Suppose -5*w = l - 4*l - 119, 0 = -4*w + j*l + 103. What is the units digit of w?
2
Let p(j) be the third derivative of -j**5/60 + j**4/2 - 5*j**3/2 - 5*j**2. Let r(b) = 6*b**2 - b. Let o be r(-1). What is the units digit of p(o)?
0
What is the units digit of ((-39)/2)/13*2 + 232?
9
Let l(k) = 386*k + 1. What is the tens digit of l(4)?
4
What is the tens digit of (6035 - -88) + (1 - 8)?
1
Let h = -353 + 357. Let v be (-2)/(1*(-2)/2). Suppose 2*u = -v + h. What is the units digit of u?
1
Suppose -4*n + n + 5*p = -2192, -4*n + 5*p + 2921 = 0. Let a = n - 514. What is the hundreds digit of a?
2
Let t(h) = 10*h**2 - 20*h - 48. What is the units digit of t(8)?
2
Let f be 226/(-8)*3 + (-10)/40. Let q = f + 192. What is the tens digit of q?
0
Let v(r) = 6*r + 4. Let u(q) = 2*q + 10. Let m be u(-3). What is the tens digit of v(m)?
2
Let n = -7 + 13. Let i = 3 - n. What is the tens digit of -6*i/2 - -2?
1
Let q be (6/3 - 2)*1. Let n = q + 33. What is the tens digit of n?
3
Let x be 20/(-3)*3/(-2). Suppose -r + 6 + x = 0. Let p = -8 + r. What is the units digit of p?
8
Suppose -v - 5 = 2. Let a = -64 + 118. Let j = v + a. What is the tens digit of j?
4
Let w(q) = q**3 + 7*q**2 - 6*q + 10. Let f = -6 + -2. Let p be w(f). Let l = 11 + p. What is the units digit of l?
5
Suppose 0 = -58*t + 129018 + 56118. What is the thousands digit of t?
3
Let y(r) = 2*r + 6. Let l be y(0). Let o(x) = -x**2 + 7*x + 1. Let m be o(l). What is the tens digit of 4/(1 + m)*134?
6
Let t = 151 + -220. Let n = t - -190. What is the hundreds digit of n?
1
Let l(i) = -i**3 + 4*i**2 - i + 1. Let t be l(3). Let s = 2 + t. Let x(b) = 3*b - 12. What is the tens digit of x(s)?
1
Let c 